{"id":61,"date":"2013-11-06T11:42:59","date_gmt":"2013-11-06T09:42:59","guid":{"rendered":"http:\/\/v45836.1blu.de\/?page_id=61"},"modified":"2013-11-06T11:42:59","modified_gmt":"2013-11-06T09:42:59","slug":"die-1541-i-de","status":"publish","type":"page","link":"https:\/\/c64-online.com\/?page_id=61","title":{"rendered":"Die 1541-I (de)"},"content":{"rendered":"<p>Die 1541-I wurde entsprechend den industriellen Gepflogenheiten in Japan gebaut. Allerdings wollte Commodore um Transportkosten zu sparen und durch Unabh\u00e4ngigkeit von Japan die Herstellungskosten weiter senken zu k\u00f6nnen auch in Frankfurt am Main Laufwerke bauen. Die Produktion lief an, allerdings hatte man nicht gen\u00fcgend Typenschilder f\u00fcr die Floppys parat. Somit wurde f\u00fcr wenige Tage dieses Model gebaut. Es tr\u00e4gt einen grauen Folienaufkleber der mit wei\u00dfer Schrift bedruckt wurde.<\/p>\n<p>Leider ist nicht sicher, wie viele von diesen Laufwerken tats\u00e4chlich gebaut wurden. Jedenfalls sind es nicht sehr viele. Es wurde im Juli 1984 gebaut und gelangte wenige Wochen sp\u00e4ter in die Kaufh\u00e4user. Nachforschungen haben ergeben, dass scheinbar nur Karstadt und Brinkmann mit diesen Laufwerken beliefert wurden. Dieses ist jedoch nicht 100%ig belegt.<\/p>\n<p><img loading=\"lazy\" decoding=\"async\" class=\"aligncenter\" alt=\"\" src=\"https:\/\/c64-online.com\/files\/C64-Photos\/1541-1-de.jpg\" width=\"440\" height=\"360\" \/><\/p>\n","protected":false},"excerpt":{"rendered":"<p>Die 1541-I wurde entsprechend den industriellen Gepflogenheiten in Japan gebaut. Allerdings wollte Commodore um Transportkosten zu sparen und durch Unabh\u00e4ngigkeit von Japan die Herstellungskosten weiter senken zu k\u00f6nnen auch in Frankfurt am Main Laufwerke bauen. Die Produktion lief an, allerdings hatte man nicht gen\u00fcgend Typenschilder f\u00fcr die Floppys parat. Somit wurde f\u00fcr wenige Tage dieses &#8230;<\/p>\n<p><a href=\"https:\/\/c64-online.com\/?page_id=61\" class=\"more-link\">Continue reading &lsquo;Die 1541-I (de)&rsquo; &raquo;<\/a><\/p>\n","protected":false},"author":1,"featured_media":0,"parent":53,"menu_order":3,"comment_status":"open","ping_status":"open","template":"","meta":{"footnotes":""},"class_list":["post-61","page","type-page","status-publish","hentry"],"_links":{"self":[{"href":"https:\/\/c64-online.com\/index.php?rest_route=\/wp\/v2\/pages\/61","targetHints":{"allow":["GET"]}}],"collection":[{"href":"https:\/\/c64-online.com\/index.php?rest_route=\/wp\/v2\/pages"}],"about":[{"href":"https:\/\/c64-online.com\/index.php?rest_route=\/wp\/v2\/types\/page"}],"author":[{"embeddable":true,"href":"https:\/\/c64-online.com\/index.php?rest_route=\/wp\/v2\/users\/1"}],"replies":[{"embeddable":true,"href":"https:\/\/c64-online.com\/index.php?rest_route=%2Fwp%2Fv2%2Fcomments&post=61"}],"version-history":[{"count":0,"href":"https:\/\/c64-online.com\/index.php?rest_route=\/wp\/v2\/pages\/61\/revisions"}],"up":[{"embeddable":true,"href":"https:\/\/c64-online.com\/index.php?rest_route=\/wp\/v2\/pages\/53"}],"wp:attachment":[{"href":"https:\/\/c64-online.com\/index.php?rest_route=%2Fwp%2Fv2%2Fmedia&parent=61"}],"curies":[{"name":"wp","href":"https:\/\/api.w.org\/{rel}","templated":true}]}}